9))*35/(-3). Let h = 12 + i. What is the tens digit of h?
4
Let p = -320 + 561. Let c = -138 + p. What is the hundreds digit of c?
1
Let i be -3 + 0 + 1 - -4. Let g be 9/(i + -1 + 0). Suppose -2*l + 3 = c, 0*l + l - 2*c - g = 0. What is the units digit of l?
3
Suppose -297*l = -314*l + 47481. What is the units digit of l?
3
Suppose -14*t = -9*t + 4*g - 180640, -108371 = -3*t - 5*g. What is the units digit of t?
2
Suppose -351*h + 356*h = -960. What is the units digit of -4 - (656/(-48))/((-2)/h)?
8
Suppose -3*m + 8626 = 8*g - 7*g, 4*g - 34569 = m. What is the units digit of g?
1
Let p(i) = 21*i**3 + 14*i**2 - 161*i + 945. What is the thousands digit of p(7)?
7
Suppose 3423 - 9106 = -3*l - 5*c, 5*l + 2*c - 9440 = 0. What is the thousands digit of l?
1
Suppose j - 3*z = 55, z = j + 5*z - 55. Let o be j/(-2) - (-15)/6. What is the tens digit of (-5)/o + (-1396)/(-20)?
7
Suppose 0*w - 3*w + 13834 = -25289. What is the tens digit of w?
4
Suppose -15 = -4*h + 5. Let o = 8 - h. Suppose 6*k = o*k + 48. What is the tens digit of k?
1
Let u(y) = -y**2 - 2*y - 1. Let w(c) = -15*c**2 - 29*c - 34. Let q(s) = 6*u(s) - w(s). What is the units digit of q(-8)?
8
Let x = -36 - 50. Let k = x + 77. What is the tens digit of (-16 + -1)*k + 3?
5
Suppose -4*y + 4064 = 2*n, -5*y = -4*n + 5*n - 2020. Suppose 16467 = 21*q + n. What is the units digit of q?
7
What is the tens digit of 2*(-10069)/3*(-12)/4?
3
Let h be (-3 - -1) + ((-28)/(-4) - 5). Let k be (-3 - -4)*(0 - h). Suppose 324 = -k*j + 2*j. What is the hundreds digit of j?
1
Suppose 0 = -3*a - x, -2*a - 14 = -x - 3*x. Let d be (3/a - 3/(-6))*2. What is the tens digit of 3 + ((-38)/d - (-9)/(-15))?
1
Suppose 16*h - 13*h = -48. What is the units digit of (h/(-24))/((-2)/(-234))?
8
Let m = 12 + -7. Suppose m*g - 4*t = 2*g - 867, 297 = -g + 4*t. Let d = -2 - g. What is the hundreds digit of d?
2
Let i be (-13 - 20/10)*1/(-3). Let n be (1 + 26 - 2) + -2. Suppose -81 = -d - z, -139 - n = -2*d + i*z. What is the units digit of d?
1
Suppose -4*t + h = -31101, -2*t - t + 23325 = -h. Suppose -653*v + 661*v = t. What is the tens digit of v?
7
Suppose -4*w = -7*w - t + 71552, 23852 = w + t. What is the tens digit of ((-2)/(-5))/((-2)/w*-9)?
3
Let r(z) = 3 + 0 + 0 - 10*z. Suppose 4*k + 15 + 7 = -3*x, -k - 1 = 0. What is the tens digit of r(x)?
6
Let q(w) = -w**3 - 3*w**2 + 4*w + 31834. What is the hundreds digit of q(0)?
8
Suppose 8*f + 1056 = 12*f + 2*m, -3*m + 795 = 3*f. Suppose 44*j + f = 45*j. What is the units digit of j?
3
Let m(l) = 7*l**2 - 5*l + 4. Let u be m(2). Suppose -2*a - 52 = -4*f, -u - 13 = -5*f - 5*a. Suppose 0 = f*w - 1111 - 517. What is the tens digit of w?
4
Let y(x) be the first derivative of x**4/4 - 14*x**3/3 + 9*x**2/2 + 30*x + 13. Let n be y(13). Let t = n - -44. What is the units digit of t?
2
Let x(k) = k**3 - k**2 - k + 1. Let l(b) = 2*b**3 - 5*b**2 - 40*b + 26. Let o(h) = l(h) - 3*x(h). What is the tens digit of o(-11)?
1
Let d = 3 - -5. Let u be (-12)/(-12)*(1 + d). What is the units digit of 3/u*-1*-228?
6
Suppose 54*b - 321870 = -185*b + 4892632. What is the units digit of b?
8
Let l(w) be the first derivative of -w**4/4 - 5*w**3/3 + 2*w**2 + 21*w - 28. Let i be l(-6). Suppose -37*b = -i*b - 700. What is the tens digit of b?
7
Suppose -2*n = 2*v + 6, 4*n + 0*n + 12 = -2*v. Suppose 9*i + 488 = -5*w + 1991, -3*w + i + 921 = v. What is the tens digit of w?
0
Suppose 3*a + 2*p = 76 + 51, 0 = 5*a - 4*p - 175. What is the hundreds digit of 13/a*-3 - 235/(-1)?
2
Let c(k) = 562*k**2 - k - 3. Suppose 0 = -13*l + 2*l - 11. What is the hundreds digit of c(l)?
5
Let q = 4733 + 21188. What is the units digit of q?
1
Let s(y) = 2*y**2 + y - 13. Let x be s(-12). Let v = x - -372. What is the units digit of (v/(-15))/(1/6*-2)?
7
Let s = 2924 + -1454. Let l = s + -850. What is the units digit of l?
0
Suppose 121125 + 36405 = 6*s + 4*w, -4*w + 105016 = 4*s. What is the ten thousands digit of s?
2
Let j be 4/(-22) + (-354096)/(-33). What is the tens digit of (j/(-87))/(2/(-6))?
7
Suppose -5*j + 43 - 2253 = 0. Let k = -120 - j. What is the tens digit of k?
2
Let k = -484 + 484. Suppose 3*p - 15 = k, -7*m = -8*m + 2*p + 134. What is the units digit of m?
4
Let o be (9/2)/(69/(-1012)). Let z = o - -279. What is the tens digit of z?
1
Suppose 4*v = 2*h - h + 73542, -5*v + 91908 = 2*h. What is the tens digit of v?
8
Let q(w) = w**2 + 3*w + 97. Let z be q(13). What is the units digit of (842/(-8))/(5 - z/60)?
3
Suppose 13*n - 70 + 18 = 0. What is the units digit of 424*(n - 2) + 3?
1
Let w(y) = -13160*y - 3379. What is the thousands digit of w(-3)?
6
Suppose -2*b + 4*b = 10. Let a = b + 159. What is the tens digit of a?
6
What is the thousands digit of (-517244)/156*(-4)/14*3?
2
Let s = 11473 - 6357. What is the units digit of s?
6
Suppose 38*g = 12*g + 5720. What is the units digit of g/(-6)*-4*135/36?
0
Let o(g) = 9*g + 46. Let s be o(-3). What is the tens digit of (-16)/2 + 26771/s?
0
What is the units digit of (69/6)/((-42)/10024*6/(-9))?
7
Let t(r) = -r**2 - 7*r - 6. Let s be t(-5). Suppose -5*q = -25, 0 = -0*n + 5*n + q - 20. Suppose 0 = -z + 2, n*m + s*z = 7*m - 168. What is the tens digit of m?
4
Suppose 50*g + 42*g = -31*g + 1847214. What is the tens digit of g?
1
Let b(o) = 1185*o - 233. What is the units digit of b(18)?
7
Suppose 10*v + 1976 = 29866. What is the units digit of v?
9
Let b(l) be the third derivative of -l**5/20 - 7*l**4/24 + l**3/2 - 13*l**2. Let v(n) be the first derivative of b(n). What is the tens digit of v(-13)?
7
Suppose 11*v + 167 - 838 = 0. Suppose v = 3*i + y - 1487, -y = 4*i - 2064. What is the tens digit of i?
1
Suppose -2*x + 77 + 365 = 0. Suppose 4*j - 2*d - 611 = x, 2*d + 414 = 2*j. What is the units digit of j?
9
What is the tens digit of 2161/((-11)/(-880)*16)?
0
Suppose 8*a = 5*a + 3. Let n(z) = 305*z**2 + 6*z - 5. What is the tens digit of n(a)?
0
Suppose -31*b - 28 = -32*b. Suppose -b = -4*k - 12. Suppose -k*m = 0, 4*t + m = 4*m + 36. What is the units digit of t?
9
Suppose -3*u = -3*j - 2463 - 53007, 0 = 4*u + 3*j - 73925. What is the hundreds digit of u?
4
Let b = 46437 + -8708. What is the units digit of b?
9
Let y be (-2)/21 + (-1949240)/(-210). Suppose -22*u = -u - y. Suppose 13*i - u - 2977 = 0. What is the tens digit of i?
6
Suppose -2*i = -2*y + 15756, -295*y - 7884 = -296*y - 2*i. What is the units digit of y?
0
Suppose -2*p + 2*r = -18584 - 45146, 14 = 2*r. What is the thousands digit of p?
1
Let t be (-16)/(-4 + 12) + 2312/1. Suppose t = 121*p - 116*p. What is the units digit of p?
2
Let m(n) = 6*n - 113. Let y be m(19). What is the tens digit of (y + -1 - 4) + 18100/25?
2
What is the units digit of ((-5481)/35)/(4/(-220))?
3
Suppose 0 = -2*w - 299 + 15. Let z be (-1)/3 - (-49600)/(-240). Let n = w - z. What is the tens digit of n?
6
Suppose -5*r = -3*i - 5348, 0 = -5*i - 0*i - 4*r - 8901. Let u = -2596 - i. What is the tens digit of (2 + u/10)*-2?
5
Let z(g) = -3*g. Let q = 27 + -15. Let l be z(q). Let m = l - -95. What is the tens digit of m?
5
What is the ten thousands digit of 2778/(3087/180 - 17)?
1
Let j be (5/(-3))/(65/(-234)). Let r be 4/j*(9 - 6). Suppose -r*g = 2*g - 92. What is the units digit of g?
3
Let t(q) be the first derivative of q**3/3 - 3*q**2/2 + q - 13. Let p be t(4). Suppose 0*h = 3*h + 5*z - 91, -5 = p*z. What is the tens digit of h?
3
Let x = 27 - -745. What is the units digit of x?
2
Let t(u) = -13*u - 128. Let r be t(-10). Suppose -2*y + 400 = 2*a, r*a + 36 - 426 = 3*y. What is the tens digit of a?
9
Let p = -85433 + 144678. What is the hundreds digit of p?
2
Let j be -1 + 5 + -7 + 8915 - 0. Suppose 15*w = 23*w - j. What is the hundreds digit of w?
1
Let b(m) = 561*m - 654. What is the hundreds digit of b(12)?
0
Let s(j) = -127*j + 8. Let n(o) = 254*o - 17. Let a(b) = -4*n(b) - 9*s(b). Let z(u) = 1. Let x(v) = -a(v) - 5*z(v). What is the tens digit of x(-1)?
2
Let y = 102 - 78. Suppose -14*g + y = -8*g. Suppose -2*u = -2*a - 560, 1124 = g*u + 2*a - 5*a. What is the hundreds digit of u?
2
Let g(a) = 19*a + 40. Let u be g(-2). Suppose 0 = 2*x + u*m - 288, 2*m + 47 = -x + 193. What is the tens digit of x?
4
Let v = -3 - 7. Let s(t) = -3*t - 22. Let a(p) = 5*p + 44. Let g(k) = 2*a(k) + 5*s(k). What is the tens digit of g(v)?
2
Let y(